9434?
1
What is the hundred thousands digit of 1436615990?
6
What is the hundreds digit of 747293736?
7
What is the ten millions digit of 234156615?
3
What is the ten millions digit of 157257822?
5
What is the hundred thousands digit of 1183993403?
9
What is the units digit of 2174521202?
2
What is the millions digit of 40755025?
0
What is the ten thousands digit of 13778306?
7
What is the hundred thousands digit of 590145637?
1
What is the thousands digit of 3466149161?
9
What is the tens digit of 73779721?
2
What is the hundreds digit of 21321660?
6
What is the millions digit of 34507329?
4
What is the thousands digit of 360436860?
6
What is the tens digit of 2045389878?
7
What is the hundreds digit of 3336401736?
7
What is the millions digit of 1451013635?
1
What is the units digit of 42518639?
9
What is the ten thousands digit of 24397307?
9
What is the ten thousands digit of 1801568363?
6
What is the hundred thousands digit of 43208755?
2
What is the units digit of 189109786?
6
What is the tens digit of 2659751321?
2
What is the hundreds digit of 34100944?
9
What is the thousands digit of 656351974?
1
What is the ten thousands digit of 92592522?
9
What is the hundred millions digit of 6349500948?
3
What is the units digit of 3519032630?
0
What is the tens digit of 1777809045?
4
What is the tens digit of 87050805?
0
What is the thousands digit of 255184340?
4
What is the tens digit of 19398034?
3
What is the ten millions digit of 2870466092?
7
What is the tens digit of 175581279?
7
What is the ten thousands digit of 230486099?
8
What is the ten millions digit of 627335223?
2
What is the millions digit of 1816469011?
6
What is the millions digit of 391062937?
1
What is the hundreds digit of 112784670?
6
What is the thousands digit of 3117707603?
7
What is the hundred millions digit of 3470173265?
4
What is the tens digit of 5596015966?
6
What is the thousands digit of 911918?
1
What is the millions digit of 141069763?
1
What is the thousands digit of 1848586343?
6
What is the ten thousands digit of 1169056027?
5
What is the thousands digit of 686654120?
4
What is the hundred thousands digit of 4560435544?
4
What is the units digit of 3340491960?
0
What is the units digit of 50686012?
2
What is the units digit of 502515397?
7
What is the thousands digit of 25606760?
6
What is the hundreds digit of 1979438077?
0
What is the tens digit of 195593943?
4
What is the thousands digit of 87021204?
1
What is the units digit of 556002473?
3
What is the tens digit of 5104659025?
2
What is the hundred millions digit of 150601895?
1
What is the tens digit of 329652933?
3
What is the hundred millions digit of 121096959?
1
What is the hundreds digit of 149507094?
0
What is the hundreds digit of 27513485?
4
What is the ten millions digit of 3250911194?
5
What is the ten thousands digit of 175684179?
8
What is the hundred thousands digit of 25857549?
8
What is the hundred thousands digit of 12153346?
1
What is the hundred thousands digit of 996310641?
3
What is the ten thousands digit of 29377363?
7
What is the hundred thousands digit of 89925698?
9
What is the thousands digit of 1957986778?
6
What is the ten thousands digit of 405875527?
7
What is the hundred millions digit of 317757789?
3
What is the ten millions digit of 431674268?
3
What is the ten thousands digit of 7170167?
7
What is the hundred millions digit of 136942998?
1
What is the ten thousands digit of 61008327?
0
What is the tens digit of 5267385?
8
What is the tens digit of 51705113?
1
What is the hundreds digit of 2408313403?
4
What is the units digit of 495672257?
7
What is the hundreds digit of 104713291?
2
What is the units digit of 188693681?
1
What is the thousands digit of 108495933?
5
What is the thousands digit of 2296684919?
4
What is the thousands digit of 105992845?
2
What is the units digit of 614828208?
8
What is the hundred millions digit of 807079405?
8
What is the tens digit of 6245964?
6
What is the hundred millions digit of 764740446?
7
What is the units digit of 82726222?
2
What is the tens digit of 1726653219?
1
What is the ten millions digit of 508670924?
0
What is the hundred millions digit of 182430211?
1
What is the hundred millions digit of 255232001?
2
What is the thousands digit of 10601799?
1
What is the hundred thousands digit of 371211323?
2
What is the thousands digit of 529079471?
9
What is the tens digit of 13811879?
7
What is the thousands digit of 75999341?
9
What is the hundred thousands digit of 36029975?
0
What is the millions digit of 136653664?
6
What is the millions digit of 23471994?
3
What is the millions digit of 325678162?
5
What is the ten thousands digit of 1132709360?
0
What is the hundreds digit of 1199951456?
4
What is the tens digit of 47162967?
6
What is the ten millions digit of 122331161?
2
What is the tens digit of 1239288826?
2
What is the millions digit of 283353710?
3
What is the millions digit of 241391459?
1
What is the hundred thousands digit of 8421435966?
4
What is the units digit of 3830311736?
6
What is the tens digit of 23659214?
1
What is the millions digit of 1923978402?
3
What is the ten millions digit of 35038582?
3
What is the millions digit of 2425785380?
5
What is the hundreds digit of 60974847?
8
What is the millions digit of 41986499?
1
What is the hundred thousands digit of 6313797989?
7
What is the hundred millions digit of 158313942?
1
What is the units digit of 1016046362?
2
What is the hundred thousands digit of 61940462?
9
What is the ten millions digit of 48108542?
4
What is the hundreds digit of 866635510?
5
What is the hundred millions digit of 408892414?
4
What is the hundred millions digit of 637551928?
6
What is the tens digit of 47652240?
4
What is the units digit of 4004327?
7
What is the units digit of 1482218215?
5
What is the thousands digit of 34420199?
0
What is the units digit of 310019506?
6
What is the millions digit of 415657139?
5
What is the hundred thousands digit of 32566447?
5
What is the thousands digit of 143931697?
1
What is the ten millions digit of 14894091?
1
What is the ten thousands digit of 2067513195?
1
What is the tens digit of 42072523?
2
What is the ten millions digit of 360700357?
6
What is the millions digit of 75901975?
5
What is the thousands digit of 1730916160?
6
What is the ten millions digit of 174418194?
7
What is the tens digit of 7930093?
9
What is the hundred thousands digit of 60786843?
7
What is the hundred millions digit of 711930061?
7
What is the billions digit of 1244193355?
1
What is the ten thousands digit of 702944290?
4
What is the ten thousands digit of 31556406?
5
What is the ten thousands digit of 96841079?
4
What is the tens digit of 2431174983?
8
What is the thousands digit of 827744564?
4
What is the tens digit of 486405530?
3
What is the hundreds digit of 373235543?
5
What is the tens digit of 7707019989?
8
What is the tens digit of 1601460491?
9
What is the ten thousands digit of 30684192?
8
What is the units digit of 470554796?
6
What is the millions digit of 1918008958?
8
What is the thousands digit of 70384755?
4
What is the millions digit of 521701885?
1
What is the tens digit of 1104117106?
0
What is the ten millions digit of 168781851?
6
What is the millions digit of 154328321?
4
What is the tens digit of 154721291?
9
What is the thousands digit of 202632839?
2
What is the millions digit of 5466499062?
6
What is the millions digit of 47628290?
7
What is the ten millions digit of 116207625?
1
What is the hundred thousands digit of 98495724?
4
What is the tens digit of 1646824181?
8
What is the tens digit of 118865473?
7
What is the billions digit of 1663509521?
1
What is the millions digit of 1278220?
1
What is the tens digit of 250528201?
0
What is the tens digit of 323934911?
1
What is the thousands digit of 189948227?
8
What is the hundreds digit of 23771469?
4
What is the hundreds digit of 55508599?
5
What is the units digit of 516369165?
5
What is the tens digit of 67865088?
8
What is the millions digit of 158819691?
8
What is the hundred thousands digit of 123881974?
8
What is the ten millions digit of 45229570?
4
What is the thousands digit of 48266437?
6
What is the ten thousands digit of 1052894786?
9
What is the hundred thousand